l + 19*l + 92, -3*l + 66 = 3*s. Suppose o = 4*h + 79, 2*o + 31 = 4*h + 113. Let a = h + l. Give g(a).
6
Let k = -52099 - -52104. Let d(p) = 4*p + 5 - 2*p - 15. Determine d(k).
0
Suppose -q = -3*q - 2. Let t(l) = l**2 + 2*l - 14. Let o be t(4). Let k(y) = -17 + 6 + o - 3*y. Calculate k(q).
2
Suppose 2*i - 26 = 5*z + 48, -7 = i + 3*z. Let h(v) = -5*v + 57. Determine h(i).
-28
Let l(j) be the second derivative of 3*j**4/8 - 3*j**3/2 - 37*j**2 + 18*j - 2. Let x(t) be the first derivative of l(t). Give x(6).
45
Let c(z) be the third derivative of z**5/60 + 9*z**4/8 + 2*z**3 - 3996*z**2. Give c(-25).
-38
Suppose 0 = 2*f - 0*f - 3*j - 50, -3*f - 2*j + 49 = 0. Let r = 20 - f. Suppose -8 = -2*m, n = -4*m + 12 - r. Let w(g) = g**2 + 6*g + 7. What is w(n)?
2
Let y(j) = j**2 + 8*j - 101. Suppose 27*v + 3*t = 26*v + 28, 0 = 3*v + 4*t - 49. Give y(v).
4
Suppose -3*g = 30 - 48. Let t(x) = 10*x + 2. Let m(v) = -13*v - 4. Let j(a) = 3*m(a) + 4*t(a). Determine j(g).
2
Let r = 1 - -1. Let p(f) = -f - 4. Let b(m) = -3*m - 7. Let y(l) = r*b(l) - 5*p(l). Let j be 10/((-12 - -5) + 9). Give y(j).
1
Let m(l) be the first derivative of -26*l**3/3 - l**2/2 + 1. Suppose -11*v + 2*z = -14*v - 1, 0 = -2*v - z. Determine m(v).
-27
Suppose 0 = 50*r - 78*r + 980. Let y(f) = f**3 - 34*f**2 - 35*f + 2. Let i be y(r). Let z(c) = -2*c**3 + 4*c**2 - 3*c + 1. Determine z(i).
-5
Let w(u) = -u**2 - 9. Suppose n + 5 = o, -3*o - 2*o + 2*n = -16. Suppose -o + 2 = -i. What is w(i)?
-9
Let u(t) = t**2 - 10 + 5*t + 6*t - 4*t. Let g(s) = s**3 - 5*s**2 - 8*s + 21. Let x be g(6). Let r be (x/(-5))/(3/15). What is u(r)?
8
Suppose c + 278 = 276. Let m(v) = v**2 - 2*v**2 - 72*v**3 + 0 + 2 + 73*v**3. Give m(c).
-10
Let u(f) = 4*f - 5*f + 7*f. Let w be (2/4)/(5/(-130)*-13). Calculate u(w).
6
Suppose 26*h - 18*h - 104 = 0. Let j(w) = 11*w - h*w + 4*w - 11. Calculate j(8).
5
Suppose -39*o - 74 = -36*o + 2*t, 98 = -4*o - 2*t. Let u(j) = -j**3 - 23*j**2 + 24*j + 13. Calculate u(o).
13
Let v(n) = -51082*n**2 + 51081*n**2 + 4 - 1. Give v(-3).
-6
Let a(i) = -2*i + 4*i + 2*i + 11 + 3*i. Let l be (-3 - (-5)/2)*18. Let b(v) = 3*v + 5. Let d(q) = l*b(q) + 4*a(q). Determine d(-3).
-4
Let u(n) = 388 - 5*n - 169 - 165. Determine u(-11).
109
Let v(r) = 56*r**2 - 25*r + 54. Let g(b) = -78*b**2 + 38*b - 82. Let k(d) = -5*g(d) - 7*v(d). Determine k(3).
-31
Let g(p) be the second derivative of -10*p**3/3 + 3*p**2 + 3056*p. Give g(2).
-34
Let j(v) = -v**2 + 11*v - 7. Suppose -4*o + 1261 = 4*u - 591, -3 = -o. Let i = u - 450. What is j(i)?
3
Let p(f) = -f**3 - 11*f**2 + f + 9. Suppose 90*h - 84*h = 84. Let x be (-158)/h + 90/315. What is p(x)?
-2
Let u(i) be the second derivative of i**4/12 - 5*i**3/2 - 4*i**2 + 573*i. Determine u(16).
8
Let o(k) = 4*k**3 + 3*k**2 + 15*k + 40. Let d be o(-2). Let y(c) = c**3 + 10*c**2 + 3*c + 31. Calculate y(d).
1
Let l = 73 + -69. Let i be (-3)/(-3) - (-5 - -3). Let d(x) = x - 2 + i*x - 7*x. Calculate d(l).
-14
Let i(q) = q**3 - 5*q**2 + 13*q + 11. Let s = 720 - 714. Calculate i(s).
125
Let d(l) = 2*l + 3. Suppose 3*f - 7*f = 920. Let x = -140 - f. Suppose 0 = -3*c + x - 99. Determine d(c).
-3
Let c(f) = -8*f**2 - 24*f. Let o(h) = -2*h**3 - 15*h**2 + 2*h + 12. Let v be o(1). Give c(v).
0
Let k(n) = -n**2 + 22*n - 84. Let o be k(7). Suppose 13*r - 56 = o*r. Let p(q) = q**3 + 6*q**2 - 3*q + 10. Determine p(r).
-18
Let b(c) = -2*c - 34. Let y(s) = -15*s + 1193. Let p be y(80). Determine b(p).
-20
Let g be ((-20)/15)/(32/6 - 6). Let a(i) be the second derivative of -1/6*i**3 + 15*i - 1/2*i**g + 0 + 1/12*i**4. Calculate a(2).
1
Let k = 1441 + -582. Let h = 864 - k. Let j(u) = -u + 9. What is j(h)?
4
Let u = 5726 - 5724. Let n(b) be the third derivative of -1/120*b**6 + 0 + 0*b - 1/6*b**3 + 0*b**5 + 1/8*b**4 + 10*b**u. Determine n(2).
-3
Let q = -3350 - -3361. Let x(z) = -z**2 + 5*z - 1. Calculate x(q).
-67
Let a(z) be the first derivative of -z**3/3 + 8*z**2 - 24*z + 2585. Calculate a(2).
4
Let p be ((-1)/(-1) - 6)*(-46 + 3). Let s = p - 205. Let y(b) = b**3 - 10*b**2 - b + 2. Give y(s).
-8
Let z(t) = t**3 + 2*t**2 - t - 4. Let r(o) = o**3 - 3*o**2 - 17*o - 16. Let m(p) = -r(p) + 2*z(p). What is m(-4)?
-4
Let s(j) = 11*j**3 + 13*j**2 + 17*j + 5. Let w(y) = 2*y**3 + y**2 + 4*y. Let x(k) = -s(k) + 5*w(k). Calculate x(-8).
-29
Suppose -5*y + 30 = 0, 3*n = 4*y + 26 - 29. Let p(w) = 3*w - 14. Calculate p(n).
7
Let d(n) be the second derivative of n**3 - 50*n**2 + 145*n + 5. Determine d(10).
-40
Let z(h) = h**2 + h. Let p be z(1). Let d(u) be the second derivative of 1/2*u**4 + 3 - 132*u + 1/2*u**2 - 1/3*u**3. Determine d(p).
21
Let i(f) be the third derivative of -f**4/8 + 5*f**3 - 5*f**2 - 26*f. Determine i(-9).
57
Let l(o) = -o**2 - o + 1. Let d(a) = a**3 + a**2 - 5*a - 74. Let q be d(0). Let f = -73 - q. Give l(f).
-1
Let i(g) be the second derivative of -g**3/6 + 13*g**2/2 + 9*g - 1. Let w = -3 + 3. What is i(w)?
13
Let g be (-161 - -131)/((-6)/(-4)). Let l(r) = r**3 + 20*r**2 - 2*r - 40. Calculate l(g).
0
Let l(r) = -r**3 - 8*r**2 - 9*r - 6. Let f(s) = 4*s + 74. Let h be f(-17). Suppose -3*d + 2*d = h. Determine l(d).
-24
Let w(u) = -2*u**2 - 16*u. Let i be w(-10). Let t = -37 - i. Let v(g) = -4*g - 1. Let r(b) = 7*b + 1. Let s(f) = t*r(f) + 5*v(f). Determine s(2).
0
Suppose -6*l = -2*l + 32. Let j(t) = 4*t + 52. Let d(v) = 11*v + 138. Let f(y) = -3*d(y) + 8*j(y). Determine f(l).
10
Let m(j) be the third derivative of j**6/60 - 19*j**5/20 - 9*j**4/8 - 59*j**3/6 - 5*j**2 - 79. Determine m(29).
-1
Let j be ((-61)/610)/(2/(-20)). Let y(a) = 80*a - 83. Determine y(j).
-3
Let a(g) be the second derivative of g**3/2 - 47*g**2/2 - 196*g + 4. Give a(11).
-14
Let v(p) = -p - 3. Let y be v(-4). Let h(r) = -r**2. Let x be h(y). Let f(o) be the first derivative of o**2/2 - 2081. Determine f(x).
-1
Suppose 0*a + 33 = -3*a. Let z(l) = -23*l - 27*l - 1 + 89*l - 22*l - 18*l. Determine z(a).
10
Let p(j) = 9*j - 4*j + 10697 + 10687 - 21474. Calculate p(17).
-5
Suppose -11*l - 182 = 7*l + 8*l. Let t(o) = -o**3 - 8*o**2 - 6*o - 2. Determine t(l).
-9
Let f(v) = 14*v**3 + 2*v**2 + v. Let z be (3 + -5)/(2/238) - -5. Let d = 232 + z. Calculate f(d).
-13
Let v(j) = -22*j**3 - 4*j**2 - 5*j. Let d(k) = -19*k**3 - 3*k**2 - 4*k. Let u(z) = 7*d(z) - 6*v(z). Calculate u(4).
-8
Let f = 2 + 0. Let y(q) be the first derivative of 5*q**3/3 + 2*q + 10891. Determine y(f).
22
Let u(r) = 3*r**3 + 82*r**2 + 177*r - 7. Let f(j) = j**3 + 28*j**2 + 64*j - 2. Let b(d) = 11*f(d) - 4*u(d). Calculate b(-20).
86
Let g(t) = -t - 4. Let q(l) = l + 6. Let u be q(-6). Suppose u = 4*f - 0*f. Give g(f).
-4
Let j(x) = x**2 - 6*x - 1. Suppose 0 = -5*h + 2*r + 68, 2*r + 20 = h - 0*r. Let t be h/(4 - (-44)/(-10)). Let i be 3/(t/4) + 594/110. Give j(i).
-6
Suppose 2*g + 1 = -5*l, -105 + 120 = -5*l. Let s(r) = r + 1. Let f(t) = 5*t + 19. Let n(u) = f(u) - 6*s(u). Calculate n(g).
6
Let a(q) be the first derivative of -11 - 1/2*q**2 - 15*q + 0*q**3 + 2/5*q**5 + 1/6*q**4. Let o(d) be the first derivative of a(d). What is o(1)?
9
Let t(p) = 2*p**3 + 9*p + 5. Let q(i) be the first derivative of i**4/4 + i**3/3 + 4*i**2 + 3*i - 18. Let o(m) = 3*q(m) - 2*t(m). Calculate o(5).
-21
Let z(l) be the second derivative of l**5/20 + 3*l**4/2 + l**3/2 + 15*l**2 + 6*l + 32. Give z(-18).
-24
Let j = -378 - -359. Let p(r) = r**3 + 18*r**2 - 20*r + 8. Calculate p(j).
27
Suppose 21 = -5*b + 2*b. Suppose n - 5*v + 3 = 0, 2*v - 26 = -20. Let k(j) = n - 16 - j + 4. Calculate k(b).
7
Suppose 9*d - 346 = 95. Suppose 0 = -x + 5*k + 46, -4*x - 5*k + 184 = -0*k. Suppose d*q = x*q. Let a(t) = -t**3 + t**2 - 10. Determine a(q).
-10
Let s be (4/6)/((-9)/(-27)). Let q be (4/((-32)/(-10)))/((-3)/(-12)). Let i(m) = -11*m - 11. Let f(d) = -4*d - 5. Let v(p) = q*f(p) - 2*i(p). Calculate v(s).
1
Suppose -111*y = 110*y - 1105. Let n(i) be the second derivative of i**5/20 - i**4/3 - 5*i**3/6 + 3*i**2 + 17*i. What is n(y)?
6
Let a(j) be the second derivative of -4 - 9/2*j**2 - 1/12*j**4 + 3/2*j**3 + 12*j. Suppose 5*i = 17 + 23. Give a(i).
-1
Suppose 3*s = -23 + 11, 14 = -5*g + 4*s. Let i(t) = -t**2 - 2*t + 17. Calculate i(g).
-7
Let z = -43 - -73. Let j = z + -29. Let d(w) = -3 - 2 - j + 2*w. Calculate d(6).
6
Let k(s) = -s**2 + 19*s - 81. Let x be (14/(-7) - -8) + 0/2. Determine k